f) = -f**3 - 4*f**2 - f - 2. Let v be m(-4). Suppose v*t - 5 = 15. Calculate the greatest common divisor of 4 and t.
2
Let g be 4/((18/48)/((-54)/(-4))). What is the highest common factor of 16 and g?
16
Let u be -1 + 3*(-93)/(-9). Suppose u + 34 = 5*i + 4*v, -4*v + 28 = 2*i. Calculate the highest common divisor of 6 and i.
6
Let u be ((-11)/(-33))/(1/54). What is the highest common divisor of 9 and u?
9
Let w be 19/(-4) - 1/4. Let g be (-78)/(-5) - 2/w. Let i = -18 - -26. Calculate the highest common divisor of i and g.
8
Let l be (-98)/(-5) + (-16)/(-40). What is the greatest common divisor of 220 and l?
20
Let b(y) = -34*y + 9. Let n be b(-3). What is the greatest common factor of n and 37?
37
Let g(b) = b - b**2 + 5 - 2 - 3*b - b. Let d be g(-3). Suppose -p + 57 = 5*u - 13, 0 = u + d*p. What is the greatest common factor of u and 6?
3
Let u(p) = -25*p**3 - p**2 + 2*p + 6. Let a be u(-3). Let x = a - 466. Calculate the highest common divisor of 20 and x.
20
Let r = 21 - 32. Let c = 19 + r. Let v be (-4)/(-1) - 0/(-4). What is the highest common factor of v and c?
4
Let r = 12 + 43. Calculate the greatest common factor of 22 and r.
11
Let n = -5 + 9. Suppose 14 = 5*p - n*p. Calculate the greatest common divisor of 14 and p.
14
Suppose 7*c = 2*c + 10. Let i be (5 - c)/(15/20). What is the greatest common factor of i and 20?
4
Suppose n = -5*n + 462. What is the highest common factor of 22 and n?
11
Let r(p) = -p**2 - 18*p + 22. Let t be r(-17). What is the greatest common factor of t and 52?
13
Suppose 9 = 3*z, w + 2*z - 15 = -2*z. Suppose 2*t - 23 = -x, 3*t + w*x = 7 + 20. What is the highest common factor of t and 7?
7
Suppose -5*o + 4*o - 2*a = -208, -4*o + 820 = 5*a. Calculate the highest common factor of 80 and o.
40
Let q = 132 - 224. Let z = q + 66. Let p be -3 - -2 - (1 + z). What is the greatest common factor of 8 and p?
8
Suppose 3*z = 7*z - 420. What is the highest common factor of 35 and z?
35
Let j = 20 + -11. Suppose -2*v + 0*x = -5*x - 17, 2*x + j = v. Suppose 3*w - 5*w = -2. Calculate the greatest common factor of w and v.
1
Let z(b) = 8 + 3*b**2 - 3*b - 7*b - b**2. Let s be z(6). Let y = -11 - -19. Calculate the highest common divisor of s and y.
4
Suppose -4*q + 45 = -q. Let h = 17 - q. Calculate the highest common factor of 22 and h.
2
Let a = 4 + -7. Let s(f) = 3*f**2 + 5*f + 2. Let r be s(a). Calculate the greatest common divisor of 14 and r.
14
Suppose -3*l = -7*l - 280. Let w = l - -145. Suppose 3*v = 9 + w. Calculate the greatest common divisor of 4 and v.
4
Suppose -10*w + 3 = -9*w. Let o be 3/w - (1 - 3). Calculate the greatest common divisor of 12 and o.
3
Let p(d) = 5*d - 2. Let q be p(3). Let v be 3 + q + 0 - -2. What is the highest common divisor of v and 2?
2
Let d(l) = l**2 + 5. Let s be d(4). Suppose 3*x = -2*x + 560. Let o be (x/s)/(2/6). Calculate the highest common divisor of 24 and o.
8
Let c(w) = w**2 - 6*w + 5. Let g be c(-8). What is the greatest common factor of 13 and g?
13
Let y be ((-8)/10)/((-2)/(-10)). Let b be (y/3)/((-6)/45). Calculate the highest common divisor of b and 10.
10
Suppose 2*u + 38 - 202 = -5*i, 0 = i + 3*u - 38. Suppose -3*c = -c - 410. Suppose -35 = -3*k + c. Calculate the greatest common factor of k and i.
16
Let b(h) = 29*h - 1. Let x be b(4). Calculate the highest common divisor of x and 46.
23
Let a(j) = 2*j**2 - 2*j + 4 - 2*j + 6*j. Suppose 3*c - 2*m = -4 + 2, 3*m = -4*c - 31. Let s be a(c). Calculate the greatest common factor of s and 70.
14
Suppose -d = 2*d - 63. Suppose -3*l + 55 = 19. Suppose -4*n = -0*n - l. What is the greatest common factor of d and n?
3
Let g be ((-16)/6)/(1/(-3)). Let s(r) = 2*r + 26. Let x be s(3). What is the highest common factor of x and g?
8
Suppose 0 = -6*q + 953 - 179. Calculate the highest common factor of q and 86.
43
Let s be ((-12)/10)/(1/(-10)). Let b be 2*(3/(-2) + 1). Let d(o) = -3*o**3 + 1. Let v be d(b). What is the highest common divisor of v and s?
4
Let t(z) = z**3 + 5*z**2. Let v be t(-5). Suppose -4*l + 17 + 55 = v. Let a be 162/4*4/6. What is the greatest common factor of l and a?
9
Let c be (4/(-5))/(5/50). Let w be c/48 + 1250/12. Let q(g) = -g**3 + 5*g**2 - 3. Let v be q(4). What is the greatest common divisor of v and w?
13
Suppose -3*u + 179 = -l + 25, 0 = -u. Let a = -63 - l. What is the highest common factor of a and 13?
13
Suppose 0 = -2*n - 2*n + 180. Calculate the highest common divisor of n and 30.
15
Let y be ((-59)/5 + 1)/(16/(-40)). What is the highest common factor of y and 27?
27
Let f(b) = 14*b**2 + 4*b + 3. Let x be f(-2). Let p be ((-1)/((-4)/(-6)))/((-51)/578). What is the greatest common factor of x and p?
17
Let n = 18 - 13. Let p(d) = 8*d**2 + 2*d + 1. Let h be p(-2). Suppose b - n = h. Calculate the greatest common factor of b and 51.
17
Suppose -4*l - l + 65 = 0. Suppose 0 = 8*n - 64 - 16. Let i(k) = 13*k - 13. Let f be i(n). Calculate the greatest common factor of l and f.
13
Suppose 4*y = 2*m - m + 11, -y - 6 = -2*m. Suppose -5*i + 142 = 2*k, 6*i + k - 56 = y*i. What is the highest common divisor of i and 20?
10
Let w(p) = p**3 - 3*p**2 - 2*p - 5. Let v be w(5). Calculate the highest common factor of v and 14.
7
Let g = 28 + -20. Let n = g + 69. What is the greatest common factor of n and 7?
7
Let a be (-8)/(-12) + 229/3. Calculate the highest common divisor of 11 and a.
11
Suppose -c - 1 = -6. Suppose -53 = -c*a - 13. Let w = -1 + a. What is the highest common factor of w and 21?
7
Let o be (2/3)/(2/9). Calculate the highest common divisor of o and 33.
3
Suppose 2*b = -2*b + 420. Let n = b - 57. Suppose 2*z + n = 5*z. What is the highest common factor of 8 and z?
8
Suppose 0*k = -k + 9. Let m = k - 7. Calculate the highest common divisor of m and 6.
2
Let h be ((-25)/(-20))/(2/48). Suppose 3*a - 2*x = x + 102, 124 = 4*a - x. Calculate the greatest common factor of a and h.
30
Let x be (-1)/3 - (-3470)/15. Let a(b) = -b - 1. Let g be a(-1). Suppose g = j - 6*j + 105. Calculate the greatest common factor of x and j.
21
Suppose k - 3*k = -38. Let x = -29 + k. Let m = -1 - x. What is the greatest common factor of m and 99?
9
Suppose -4*k = 5*b - 0*k - 110, 0 = 3*k. What is the highest common divisor of 55 and b?
11
Let k be -2*(3 + -1)*-1. Suppose 2*x = -4*c + 51 + 17, -k*x = 2*c - 40. What is the greatest common divisor of c and 24?
8
Let q be 1/4 + (-1666)/(-56). Let o(w) = -w**3 - 6*w**2 + 5*w - 4. Let g be o(-7). Calculate the greatest common factor of q and g.
10
Let b(f) = -f**2 - 7*f + 12. Suppose 0 = -4*h + 3*m - 28, m = 5*m. Let s be b(h). Calculate the highest common factor of s and 36.
12
Let o(a) = -a + 3. Let p be o(0). Suppose -w = -p*w. Let d = w - -6. What is the greatest common factor of d and 4?
2
Let g be (-5)/(10/(-96)) - -1. Suppose l = -l + 3*n + 21, n = 3*l - g. Suppose k - 54 = -k. Calculate the greatest common factor of k and l.
9
Suppose 5*k + 1 = 66. What is the greatest common divisor of 104 and k?
13
Let k = 1 + 39. Calculate the greatest common divisor of 10 and k.
10
Let w = -19 - -54. What is the highest common factor of 7 and w?
7
Let l(j) = 145*j**2 - j + 1. Let k be l(1). Let g = -124 - -182. Calculate the greatest common factor of g and k.
29
Let f be (-4)/(-18) + 8/(-36). Suppose f = n - 5*n + 8. Suppose 0 = -n*w + w + 32. What is the highest common factor of 48 and w?
16
Suppose 2*y = p - 24, 0 = -2*p - 2*y + 3 + 51. Calculate the greatest common divisor of p and 130.
26
Suppose -5*o + 0*f + 2407 = 4*f, -3*f = -3*o + 1428. Let v = o + -325. Calculate the highest common divisor of v and 14.
14
Suppose -676 = -6*t - 136. Calculate the highest common factor of 36 and t.
18
Let h = 24 + -14. Suppose -2 = 4*i - 18. What is the highest common divisor of i and h?
2
Let u be 6*(8/3 - 2). Let g be (-1 + 0)/((-2)/u). Calculate the highest common factor of g and 2.
2
Suppose 0 = -8*u + 7*u - 54. Let j be (-2172)/u - (-4)/(-18). Let l = 23 + -7. What is the greatest common divisor of l and j?
8
Let g be ((-24)/(-14))/((-22)/(-231)). What is the greatest common divisor of 72 and g?
18
Let z be (-1)/(-3) + 33/9. Let t = z + 17. Calculate the greatest common factor of t and 7.
7
Suppose z + 2*z = 15. Suppose -z*u + n = -46, -2*u + n = -u - 10. Calculate the greatest common fac